{"id":154,"date":"2015-05-01T08:55:00","date_gmt":"2015-05-01T07:55:00","guid":{"rendered":"http:\/\/mirabel-valdedrome.fr\/?page_id=154"},"modified":"2024-12-09T12:49:53","modified_gmt":"2024-12-09T11:49:53","slug":"leglise-saint-marcel","status":"publish","type":"page","link":"https:\/\/associationmirabel.fr\/?page_id=154","title":{"rendered":"L&rsquo;\u00e9glise Saint-Marcel"},"content":{"rendered":"<p><a href=\"http:\/\/mirabel-valdedrome.fr\/wp-content\/uploads\/2015\/05\/\u00e9glise-Mirabel-ann\u00e9es-80.jpg\"><img loading=\"lazy\" decoding=\"async\" class=\"alignnone wp-image-157 size-large\" src=\"http:\/\/mirabel-valdedrome.fr\/wp-content\/uploads\/2015\/05\/\u00e9glise-Mirabel-ann\u00e9es-80-691x1024.jpg\" alt=\"\u00e9glise Mirabel ann\u00e9es 80\" width=\"474\" height=\"702\" \/><\/a><\/p>\n<p>L&rsquo;\u00e9glise de Mirabel \u00e9tait plac\u00e9e sous le vocable de st Marcel, \u00e9v\u00eaque de Die vivant au 5\u00b0si\u00e8cle.\u00a0Cet \u00e9difice roman tr\u00e8s simple, d\u00e9pourvu de sacristie, \u00e9tait orient\u00e9, conform\u00e9ment \u00e0 la tradition, le choeur \u00e0 l&rsquo;est et la fa\u00e7ade d&rsquo;entr\u00e9e surmont\u00e9e d&rsquo;un campanile \u00e0 l&rsquo;ouest.\u00a0Le choeur circulaire d&rsquo;une largeur de 3,40m, d&rsquo;une profondeur de 2,50m et d&rsquo;une hauteur de 4,70m, \u00e9tait \u00e9clair\u00e9 par une petite ouverture \u00e9vas\u00e9e.<\/p>\n<p style=\"text-align: justify;\">Il n&rsquo;y avait pas de transept.\u00a0La nef unique, d&rsquo;une longueur de 13m, d&rsquo;une largeur de 5,30m et d&rsquo;une hauteur de 7m, \u00e9tait \u00e9clair\u00e9e par 2 fen\u00eatres au sud de 0,75m de largeur et de 1,50m de hauteur.\u00a0La vo\u00fbte pr\u00e9sentait un berceau se terminant par une corniche reposant directement sur les murs.\u00a0La longueur totale de l&rsquo;\u00e9glise \u00e9tait de 15,50m.<br \/>\nAbandonn\u00e9e en 1792 apr\u00e8s le d\u00e9part de l&rsquo;abb\u00e9 Martin, dernier cur\u00e9 r\u00e9sident \u00e0 Mirabel, elle tomba en d\u00e9cr\u00e9pitude. Un projet de restauration vit le jour en 1856 ; il fut sans lendemain. La construction de la chapelle priv\u00e9e de Blacons, institu\u00e9e aussit\u00f4t \u00e9glise paroissiale, entraina sa ruine d\u00e9finitive.<br \/>\nLa cloche, datant de 1712, a \u00e9t\u00e9 r\u00e9cup\u00e9r\u00e9e et install\u00e9e en 1910 dans le clocher de la nouvelle \u00e9glise \u00e0 Blacons.<\/p>\n<p style=\"text-align: center;\"><a href=\"http:\/\/mirabel-valdedrome.fr\/wp-content\/uploads\/2015\/05\/sch\u00e9ma-2-\u00e9glise-Mirabel.compr_.jpg\"><img loading=\"lazy\" decoding=\"async\" class=\"alignnone wp-image-160 size-large\" src=\"http:\/\/mirabel-valdedrome.fr\/wp-content\/uploads\/2015\/05\/sch\u00e9ma-2-\u00e9glise-Mirabel.compr_-658x1024.jpg\" alt=\"sch\u00e9ma 2 \u00e9glise Mirabel.compr\" width=\"474\" height=\"738\" \/><\/a><\/p>\n<p>&nbsp;<\/p>\n","protected":false},"excerpt":{"rendered":"<p>L&rsquo;\u00e9glise de Mirabel \u00e9tait plac\u00e9e sous le vocable de st Marcel, \u00e9v\u00eaque de Die vivant au 5\u00b0si\u00e8cle.\u00a0Cet \u00e9difice roman tr\u00e8s simple, d\u00e9pourvu de sacristie, \u00e9tait orient\u00e9, conform\u00e9ment \u00e0 la tradition, le choeur \u00e0 l&rsquo;est et la fa\u00e7ade d&rsquo;entr\u00e9e surmont\u00e9e d&rsquo;un campanile \u00e0 l&rsquo;ouest.\u00a0Le choeur circulaire d&rsquo;une largeur de 3,40m, d&rsquo;une profondeur de 2,50m et d&rsquo;une [&hellip;]<\/p>\n","protected":false},"author":1,"featured_media":0,"parent":1781,"menu_order":0,"comment_status":"closed","ping_status":"closed","template":"","meta":{"footnotes":""},"class_list":["post-154","page","type-page","status-publish","hentry"],"_links":{"self":[{"href":"https:\/\/associationmirabel.fr\/index.php?rest_route=\/wp\/v2\/pages\/154","targetHints":{"allow":["GET"]}}],"collection":[{"href":"https:\/\/associationmirabel.fr\/index.php?rest_route=\/wp\/v2\/pages"}],"about":[{"href":"https:\/\/associationmirabel.fr\/index.php?rest_route=\/wp\/v2\/types\/page"}],"author":[{"embeddable":true,"href":"https:\/\/associationmirabel.fr\/index.php?rest_route=\/wp\/v2\/users\/1"}],"replies":[{"embeddable":true,"href":"https:\/\/associationmirabel.fr\/index.php?rest_route=%2Fwp%2Fv2%2Fcomments&post=154"}],"version-history":[{"count":1,"href":"https:\/\/associationmirabel.fr\/index.php?rest_route=\/wp\/v2\/pages\/154\/revisions"}],"predecessor-version":[{"id":1946,"href":"https:\/\/associationmirabel.fr\/index.php?rest_route=\/wp\/v2\/pages\/154\/revisions\/1946"}],"up":[{"embeddable":true,"href":"https:\/\/associationmirabel.fr\/index.php?rest_route=\/wp\/v2\/pages\/1781"}],"wp:attachment":[{"href":"https:\/\/associationmirabel.fr\/index.php?rest_route=%2Fwp%2Fv2%2Fmedia&parent=154"}],"curies":[{"name":"wp","href":"https:\/\/api.w.org\/{rel}","templated":true}]}}