{"id":1677,"date":"2024-02-24T11:07:26","date_gmt":"2024-02-24T10:07:26","guid":{"rendered":"https:\/\/mirabel-valdedrome.fr\/?page_id=1677"},"modified":"2025-03-24T15:53:06","modified_gmt":"2025-03-24T14:53:06","slug":"presse-communication","status":"publish","type":"page","link":"https:\/\/associationmirabel.fr\/?page_id=1677","title":{"rendered":"Tradition: l&rsquo;\u00e9noyage"},"content":{"rendered":"\n<h3 class=\"wp-block-heading\"><em>S&rsquo;IL Y A DES NOIX, L&rsquo;HIVER EST FROID !<\/em><\/h3>\n\n\n\n<p>Comme quoi, il suffit de sortir un vieux proverbe de derri\u00e8re les fagots pour dire une grosse bourde. Cette ann\u00e9e pass\u00e9e, les noix ont \u00e9t\u00e9 abondantes et on attend toujours l&rsquo;hiver. Il sera bient\u00f4t pass\u00e9 qu&rsquo;on l&rsquo;aura pas vu, comme dit la voisine. D&rsquo;un autre c\u00f4t\u00e9, nous ne devons pas trop nous plaindre, jamais les balades n&rsquo;avaient \u00e9t\u00e9 aussi agr\u00e9ables que cet automne pass\u00e9 et m\u00eame en ce d\u00e9but d&rsquo;hiver.\u00a0<\/p>\n\n\n\n<p><\/p>\n\n\n\n<h2 class=\"wp-block-heading\">A LA SAINT MODESTE&#8230; A MIRABEL, TOUS RESTENT !<\/h2>\n\n\n\n<p>Les anciens aimaient bien dire des proverbes ; quand on ne sait que dire, cela soutient la conversation et donne un air intelligent \u00e0 celui qui en sort un, peu connu, de derri\u00e8re ses propres fagots.<br>Celui-l\u00e0 est tout neuf et vient de sortir. N&rsquo;oubliez pas, braves gens ! que le jour de la Saint Modeste, tous restent pour casser les noix \u00bb au Temple de Mirabel.<\/p>\n\n\n\n<p>Comme d&rsquo;habitude \u00e0 Mirabel, le fameux dicton grav\u00e9 sur tous les murs du vieux village, se v\u00e9rifiera encore:\u00a0\u00bb Pour l&rsquo;\u00e9noyage, on re\u00e7oit tous les \u00e2ges \u00a0\u00bb et foin des grincheux qui ont peur de se salir les pinceaux, on va se taper une bonne tranche de rigolade. Qu&rsquo;il vente ou qu&rsquo;il neige, la Maison de Mirabel sera ouverte \u00e0 tous ceux qui voudront bien participer \u00e0 cette veill\u00e9e. Mais n&rsquo;ayez pas peur, m\u00eame s&rsquo;il fait un peu sec, il y aura de quoi se mouiller la glotte au cas o\u00f9 vous auriez trop caus\u00e9 en \u00ab\u00a0enoyant\u00a0\u00bb.<\/p>\n\n\n\n<p>Vous le savez bien, l&rsquo;\u00e9noyage n&rsquo;a rien d&rsquo;ennuyeux ; tous ceux qui le pratiquent le savent bien, il suffit d&rsquo;apporter son bidon pour partager avec les autres, histoire d&rsquo;\u00e9valuer qui de l&rsquo;un ou de l&rsquo;autre apporte le plus gouleyant. Pour ceux qui ont peur de trop boire, on peut apporter des petites douceurs, mani\u00e8re \u00e9l\u00e9gante d&rsquo;\u00e9ponger le trop plein.<\/p>\n\n\n\n<figure class=\"wp-block-gallery has-nested-images columns-default is-cropped wp-block-gallery-1 is-layout-flex wp-block-gallery-is-layout-flex\">\n<figure class=\"wp-block-image size-large\"><img loading=\"lazy\" decoding=\"async\" width=\"799\" height=\"599\" data-id=\"2021\" src=\"https:\/\/associationmirabel.fr\/wp-content\/uploads\/2024\/12\/ENOYAGE-BIS-.jpg\" alt=\"\" class=\"wp-image-2021\" srcset=\"https:\/\/associationmirabel.fr\/wp-content\/uploads\/2024\/12\/ENOYAGE-BIS-.jpg 799w, https:\/\/associationmirabel.fr\/wp-content\/uploads\/2024\/12\/ENOYAGE-BIS--300x225.jpg 300w, https:\/\/associationmirabel.fr\/wp-content\/uploads\/2024\/12\/ENOYAGE-BIS--768x576.jpg 768w\" sizes=\"auto, (max-width: 799px) 100vw, 799px\" \/><\/figure>\n\n\n\n<figure class=\"wp-block-image size-large\"><img loading=\"lazy\" decoding=\"async\" width=\"1024\" height=\"685\" data-id=\"736\" src=\"http:\/\/associationmirabel.fr\/wp-content\/uploads\/2017\/02\/image001-1024x685.jpg\" alt=\"\" class=\"wp-image-736\" srcset=\"https:\/\/associationmirabel.fr\/wp-content\/uploads\/2017\/02\/image001-1024x685.jpg 1024w, https:\/\/associationmirabel.fr\/wp-content\/uploads\/2017\/02\/image001-300x201.jpg 300w, https:\/\/associationmirabel.fr\/wp-content\/uploads\/2017\/02\/image001-768x514.jpg 768w, https:\/\/associationmirabel.fr\/wp-content\/uploads\/2017\/02\/image001-1536x1028.jpg 1536w, https:\/\/associationmirabel.fr\/wp-content\/uploads\/2017\/02\/image001-2048x1371.jpg 2048w\" sizes=\"auto, (max-width: 1024px) 100vw, 1024px\" \/><\/figure>\n\n\n\n<figure class=\"wp-block-image size-full\"><img loading=\"lazy\" decoding=\"async\" width=\"799\" height=\"599\" data-id=\"2023\" src=\"https:\/\/associationmirabel.fr\/wp-content\/uploads\/2024\/12\/ENOYAGE.jpg\" alt=\"\" class=\"wp-image-2023\" srcset=\"https:\/\/associationmirabel.fr\/wp-content\/uploads\/2024\/12\/ENOYAGE.jpg 799w, https:\/\/associationmirabel.fr\/wp-content\/uploads\/2024\/12\/ENOYAGE-300x225.jpg 300w, https:\/\/associationmirabel.fr\/wp-content\/uploads\/2024\/12\/ENOYAGE-768x576.jpg 768w\" sizes=\"auto, (max-width: 799px) 100vw, 799px\" \/><\/figure>\n\n\n\n<figure class=\"wp-block-image size-large\"><img loading=\"lazy\" decoding=\"async\" width=\"1024\" height=\"685\" data-id=\"737\" src=\"http:\/\/associationmirabel.fr\/wp-content\/uploads\/2017\/02\/image003-1024x685.jpg\" alt=\"\" class=\"wp-image-737\" srcset=\"https:\/\/associationmirabel.fr\/wp-content\/uploads\/2017\/02\/image003-1024x685.jpg 1024w, https:\/\/associationmirabel.fr\/wp-content\/uploads\/2017\/02\/image003-300x201.jpg 300w, https:\/\/associationmirabel.fr\/wp-content\/uploads\/2017\/02\/image003-768x514.jpg 768w, https:\/\/associationmirabel.fr\/wp-content\/uploads\/2017\/02\/image003-1536x1028.jpg 1536w, https:\/\/associationmirabel.fr\/wp-content\/uploads\/2017\/02\/image003-2048x1371.jpg 2048w\" sizes=\"auto, (max-width: 1024px) 100vw, 1024px\" \/><\/figure>\n<\/figure>\n","protected":false},"excerpt":{"rendered":"<p>S&rsquo;IL Y A DES NOIX, L&rsquo;HIVER EST FROID ! Comme quoi, il suffit de sortir un vieux proverbe de derri\u00e8re les fagots pour dire une grosse bourde. Cette ann\u00e9e pass\u00e9e, les noix ont \u00e9t\u00e9 abondantes et on attend toujours l&rsquo;hiver. Il sera bient\u00f4t pass\u00e9 qu&rsquo;on l&rsquo;aura pas vu, comme dit la voisine. D&rsquo;un autre c\u00f4t\u00e9, [&hellip;]<\/p>\n","protected":false},"author":1,"featured_media":0,"parent":423,"menu_order":0,"comment_status":"closed","ping_status":"closed","template":"","meta":{"footnotes":""},"class_list":["post-1677","page","type-page","status-publish","hentry"],"_links":{"self":[{"href":"https:\/\/associationmirabel.fr\/index.php?rest_route=\/wp\/v2\/pages\/1677","targetHints":{"allow":["GET"]}}],"collection":[{"href":"https:\/\/associationmirabel.fr\/index.php?rest_route=\/wp\/v2\/pages"}],"about":[{"href":"https:\/\/associationmirabel.fr\/index.php?rest_route=\/wp\/v2\/types\/page"}],"author":[{"embeddable":true,"href":"https:\/\/associationmirabel.fr\/index.php?rest_route=\/wp\/v2\/users\/1"}],"replies":[{"embeddable":true,"href":"https:\/\/associationmirabel.fr\/index.php?rest_route=%2Fwp%2Fv2%2Fcomments&post=1677"}],"version-history":[{"count":12,"href":"https:\/\/associationmirabel.fr\/index.php?rest_route=\/wp\/v2\/pages\/1677\/revisions"}],"predecessor-version":[{"id":2104,"href":"https:\/\/associationmirabel.fr\/index.php?rest_route=\/wp\/v2\/pages\/1677\/revisions\/2104"}],"up":[{"embeddable":true,"href":"https:\/\/associationmirabel.fr\/index.php?rest_route=\/wp\/v2\/pages\/423"}],"wp:attachment":[{"href":"https:\/\/associationmirabel.fr\/index.php?rest_route=%2Fwp%2Fv2%2Fmedia&parent=1677"}],"curies":[{"name":"wp","href":"https:\/\/api.w.org\/{rel}","templated":true}]}}