{"id":1771,"date":"2024-09-23T15:21:03","date_gmt":"2024-09-23T13:21:03","guid":{"rendered":"https:\/\/associationmirabel.fr\/?page_id=1771"},"modified":"2026-01-16T09:08:02","modified_gmt":"2026-01-16T08:08:02","slug":"location","status":"publish","type":"page","link":"https:\/\/associationmirabel.fr\/?page_id=1771","title":{"rendered":"Location"},"content":{"rendered":"\n<p><strong>L&rsquo;association Mirabel a la gestion de la Maison de Mirabel, ancien temple. Elle peut \u00eatre lou\u00e9e pour des \u00e9v\u00e9nements priv\u00e9s ou pour des actions culturelles.<\/strong><\/p>\n\n\n\n<p><strong>Pour conna\u00eetre la disponibilit\u00e9 de location de la Maison de Mirabel,<\/strong><a href=\"https:\/\/cloud.lail.fr\/apps\/calendar\/p\/DDY3ZCytnKex5xLQ\"><strong> <\/strong><\/a><a href=\"https:\/\/a.lail.cloud\/nextcloud\/apps\/calendar\/p\/HfsrPMfWxgTjgqWF\"><strong>consulter notre agenda <\/strong>  <\/a><\/p>\n\n\n\n<p><\/p>\n\n\n\n<p>Vous pouvez trouver ici les documents importants pour r\u00e9pondre \u00e0 vos questions<\/p>\n\n\n\n<p><em>Guide technique de la salle <a href=\"https:\/\/a.lail.cloud\/nextcloud\/s\/mprr8YLcD4TgH9S\">ici <\/a><\/em><\/p>\n\n\n\n<p><em>Notice de location <a href=\"https:\/\/a.lail.cloud\/nextcloud\/s\/m3w6HNgGaBNbJpn\">ici <\/a><\/em><\/p>\n\n\n\n<p><em>Inventaire du mat\u00e9riel mis \u00e0 disposition ici <\/em><\/p>\n\n\n\n<p><em>Contrat de location \u00e0 t\u00e9l\u00e9charger <a href=\"https:\/\/a.lail.cloud\/nextcloud\/s\/4A7RBmpMk25miKz\">ici<\/a><a href=\"https:\/\/cloud.lail.fr\/s\/4A7RBmpMk25miKz\"> <\/a><\/em><\/p>\n\n\n\n<p><em>R\u00e8glement int\u00e9rieur<a href=\"https:\/\/cloud.lail.fr\/s\/4t8AFkM7DDeTZD5\"><\/a> <a href=\"https:\/\/a.lail.cloud\/nextcloud\/s\/AwFqyzzk4oN6TY3\">ici <\/a><\/em><\/p>\n\n\n\n<p><em>Tarifs de location <a href=\"https:\/\/a.lail.cloud\/nextcloud\/s\/PjDxQgFLwqibTH6\">ici <\/a><\/em><\/p>\n\n\n\n<p><\/p>\n\n\n\n<figure class=\"wp-block-gallery has-nested-images columns-default is-cropped wp-block-gallery-1 is-layout-flex wp-block-gallery-is-layout-flex\">\n<figure class=\"wp-block-image size-large\"><img loading=\"lazy\" decoding=\"async\" width=\"768\" height=\"1024\" data-id=\"1259\" src=\"https:\/\/associationmirabel.fr\/wp-content\/uploads\/2022\/05\/IMG_20220502_182839-768x1024.jpg\" alt=\"\" class=\"wp-image-1259\" srcset=\"https:\/\/associationmirabel.fr\/wp-content\/uploads\/2022\/05\/IMG_20220502_182839-768x1024.jpg 768w, https:\/\/associationmirabel.fr\/wp-content\/uploads\/2022\/05\/IMG_20220502_182839-225x300.jpg 225w, https:\/\/associationmirabel.fr\/wp-content\/uploads\/2022\/05\/IMG_20220502_182839-1152x1536.jpg 1152w, https:\/\/associationmirabel.fr\/wp-content\/uploads\/2022\/05\/IMG_20220502_182839-1536x2048.jpg 1536w, https:\/\/associationmirabel.fr\/wp-content\/uploads\/2022\/05\/IMG_20220502_182839.jpg 1560w\" sizes=\"auto, (max-width: 768px) 100vw, 768px\" \/><figcaption class=\"wp-element-caption\"><strong>Le coin cuisine<\/strong><\/figcaption><\/figure>\n\n\n\n<figure class=\"wp-block-image size-full\"><img loading=\"lazy\" decoding=\"async\" width=\"430\" height=\"523\" data-id=\"329\" src=\"http:\/\/associationmirabel.fr\/wp-content\/uploads\/2015\/07\/temple-mirabel-vertical.jpg\" alt=\"\" class=\"wp-image-329\" srcset=\"https:\/\/associationmirabel.fr\/wp-content\/uploads\/2015\/07\/temple-mirabel-vertical.jpg 430w, https:\/\/associationmirabel.fr\/wp-content\/uploads\/2015\/07\/temple-mirabel-vertical-247x300.jpg 247w\" sizes=\"auto, (max-width: 430px) 100vw, 430px\" \/><figcaption class=\"wp-element-caption\"><strong>La Maison de Mirabel<\/strong><\/figcaption><\/figure>\n\n\n\n<figure class=\"wp-block-image size-large\"><img loading=\"lazy\" decoding=\"async\" width=\"1024\" height=\"768\" data-id=\"2018\" src=\"https:\/\/associationmirabel.fr\/wp-content\/uploads\/2024\/12\/SALLE-NOIRE-1024x768.jpg\" alt=\"\" class=\"wp-image-2018\" srcset=\"https:\/\/associationmirabel.fr\/wp-content\/uploads\/2024\/12\/SALLE-NOIRE-1024x768.jpg 1024w, https:\/\/associationmirabel.fr\/wp-content\/uploads\/2024\/12\/SALLE-NOIRE-300x225.jpg 300w, https:\/\/associationmirabel.fr\/wp-content\/uploads\/2024\/12\/SALLE-NOIRE-768x576.jpg 768w, https:\/\/associationmirabel.fr\/wp-content\/uploads\/2024\/12\/SALLE-NOIRE-1536x1152.jpg 1536w, https:\/\/associationmirabel.fr\/wp-content\/uploads\/2024\/12\/SALLE-NOIRE.jpg 1600w\" sizes=\"auto, (max-width: 1024px) 100vw, 1024px\" \/><figcaption class=\"wp-element-caption\"><strong>Salle du bas<\/strong><\/figcaption><\/figure>\n\n\n\n<figure class=\"wp-block-image size-large\"><img loading=\"lazy\" decoding=\"async\" width=\"1024\" height=\"576\" data-id=\"1657\" src=\"https:\/\/associationmirabel.fr\/wp-content\/uploads\/2024\/02\/IMG_7207-scaled-1-1024x576.jpeg\" alt=\"\" class=\"wp-image-1657\" srcset=\"https:\/\/associationmirabel.fr\/wp-content\/uploads\/2024\/02\/IMG_7207-scaled-1-1024x576.jpeg 1024w, https:\/\/associationmirabel.fr\/wp-content\/uploads\/2024\/02\/IMG_7207-scaled-1-300x169.jpeg 300w, https:\/\/associationmirabel.fr\/wp-content\/uploads\/2024\/02\/IMG_7207-scaled-1-768x432.jpeg 768w, https:\/\/associationmirabel.fr\/wp-content\/uploads\/2024\/02\/IMG_7207-scaled-1-1536x864.jpeg 1536w, https:\/\/associationmirabel.fr\/wp-content\/uploads\/2024\/02\/IMG_7207-scaled-1-2048x1152.jpeg 2048w\" sizes=\"auto, (max-width: 1024px) 100vw, 1024px\" \/><figcaption class=\"wp-element-caption\"><strong>La salle du haut<\/strong><\/figcaption><\/figure>\n<\/figure>\n\n\n\n<figure class=\"wp-block-gallery has-nested-images columns-default is-cropped wp-block-gallery-2 is-layout-flex wp-block-gallery-is-layout-flex\">\n<figure class=\"wp-block-image size-large\"><img loading=\"lazy\" decoding=\"async\" width=\"1024\" height=\"768\" data-id=\"1262\" src=\"https:\/\/associationmirabel.fr\/wp-content\/uploads\/2022\/05\/IMG_20220502_183447-1024x768.jpg\" alt=\"\" class=\"wp-image-1262\" srcset=\"https:\/\/associationmirabel.fr\/wp-content\/uploads\/2022\/05\/IMG_20220502_183447-1024x768.jpg 1024w, https:\/\/associationmirabel.fr\/wp-content\/uploads\/2022\/05\/IMG_20220502_183447-300x225.jpg 300w, https:\/\/associationmirabel.fr\/wp-content\/uploads\/2022\/05\/IMG_20220502_183447-768x576.jpg 768w, https:\/\/associationmirabel.fr\/wp-content\/uploads\/2022\/05\/IMG_20220502_183447-1536x1152.jpg 1536w, https:\/\/associationmirabel.fr\/wp-content\/uploads\/2022\/05\/IMG_20220502_183447-2048x1536.jpg 2048w\" sizes=\"auto, (max-width: 1024px) 100vw, 1024px\" \/><figcaption class=\"wp-element-caption\"><strong>Le sud<\/strong><\/figcaption><\/figure>\n\n\n\n<figure class=\"wp-block-image size-large\"><img loading=\"lazy\" decoding=\"async\" width=\"1024\" height=\"768\" data-id=\"1264\" src=\"https:\/\/associationmirabel.fr\/wp-content\/uploads\/2022\/05\/IMG_20220502_183544-1024x768.jpg\" alt=\"\" class=\"wp-image-1264\" srcset=\"https:\/\/associationmirabel.fr\/wp-content\/uploads\/2022\/05\/IMG_20220502_183544-1024x768.jpg 1024w, https:\/\/associationmirabel.fr\/wp-content\/uploads\/2022\/05\/IMG_20220502_183544-300x225.jpg 300w, https:\/\/associationmirabel.fr\/wp-content\/uploads\/2022\/05\/IMG_20220502_183544-768x576.jpg 768w, https:\/\/associationmirabel.fr\/wp-content\/uploads\/2022\/05\/IMG_20220502_183544-1536x1152.jpg 1536w, https:\/\/associationmirabel.fr\/wp-content\/uploads\/2022\/05\/IMG_20220502_183544-2048x1536.jpg 2048w\" sizes=\"auto, (max-width: 1024px) 100vw, 1024px\" \/><figcaption class=\"wp-element-caption\"><strong>L&rsquo;est<\/strong><\/figcaption><\/figure>\n\n\n\n<figure class=\"wp-block-image size-large\"><img loading=\"lazy\" decoding=\"async\" width=\"1024\" height=\"768\" data-id=\"1772\" src=\"http:\/\/associationmirabel.fr\/wp-content\/uploads\/2024\/09\/IMG_0475-1024x768.jpeg\" alt=\"\" class=\"wp-image-1772\" srcset=\"https:\/\/associationmirabel.fr\/wp-content\/uploads\/2024\/09\/IMG_0475-1024x768.jpeg 1024w, https:\/\/associationmirabel.fr\/wp-content\/uploads\/2024\/09\/IMG_0475-300x225.jpeg 300w, https:\/\/associationmirabel.fr\/wp-content\/uploads\/2024\/09\/IMG_0475-768x576.jpeg 768w, https:\/\/associationmirabel.fr\/wp-content\/uploads\/2024\/09\/IMG_0475-1536x1152.jpeg 1536w, https:\/\/associationmirabel.fr\/wp-content\/uploads\/2024\/09\/IMG_0475.jpeg 2048w\" sizes=\"auto, (max-width: 1024px) 100vw, 1024px\" \/><figcaption class=\"wp-element-caption\"><strong>Le b\u00e2timent<\/strong><\/figcaption><\/figure>\n\n\n\n<figure class=\"wp-block-image size-full\"><img loading=\"lazy\" decoding=\"async\" width=\"1024\" height=\"768\" data-id=\"1747\" src=\"http:\/\/associationmirabel.fr\/wp-content\/uploads\/2024\/09\/Mirabel-page-daccueil-1024x768-1.jpg\" alt=\"\" class=\"wp-image-1747\" srcset=\"https:\/\/associationmirabel.fr\/wp-content\/uploads\/2024\/09\/Mirabel-page-daccueil-1024x768-1.jpg 1024w, https:\/\/associationmirabel.fr\/wp-content\/uploads\/2024\/09\/Mirabel-page-daccueil-1024x768-1-300x225.jpg 300w, https:\/\/associationmirabel.fr\/wp-content\/uploads\/2024\/09\/Mirabel-page-daccueil-1024x768-1-768x576.jpg 768w\" sizes=\"auto, (max-width: 1024px) 100vw, 1024px\" \/><figcaption class=\"wp-element-caption\"><strong>Le village<\/strong><\/figcaption><\/figure>\n<\/figure>\n\n\n\n<p><\/p>\n","protected":false},"excerpt":{"rendered":"<p>L&rsquo;association Mirabel a la gestion de la Maison de Mirabel, ancien temple. Elle peut \u00eatre lou\u00e9e pour des \u00e9v\u00e9nements priv\u00e9s ou pour des actions culturelles. Pour conna\u00eetre la disponibilit\u00e9 de location de la Maison de Mirabel, consulter notre agenda Vous pouvez trouver ici les documents importants pour r\u00e9pondre \u00e0 vos questions Guide technique de la [&hellip;]<\/p>\n","protected":false},"author":1,"featured_media":1775,"parent":0,"menu_order":0,"comment_status":"closed","ping_status":"closed","template":"","meta":{"footnotes":""},"class_list":["post-1771","page","type-page","status-publish","has-post-thumbnail","hentry"],"_links":{"self":[{"href":"https:\/\/associationmirabel.fr\/index.php?rest_route=\/wp\/v2\/pages\/1771","targetHints":{"allow":["GET"]}}],"collection":[{"href":"https:\/\/associationmirabel.fr\/index.php?rest_route=\/wp\/v2\/pages"}],"about":[{"href":"https:\/\/associationmirabel.fr\/index.php?rest_route=\/wp\/v2\/types\/page"}],"author":[{"embeddable":true,"href":"https:\/\/associationmirabel.fr\/index.php?rest_route=\/wp\/v2\/users\/1"}],"replies":[{"embeddable":true,"href":"https:\/\/associationmirabel.fr\/index.php?rest_route=%2Fwp%2Fv2%2Fcomments&post=1771"}],"version-history":[{"count":24,"href":"https:\/\/associationmirabel.fr\/index.php?rest_route=\/wp\/v2\/pages\/1771\/revisions"}],"predecessor-version":[{"id":2130,"href":"https:\/\/associationmirabel.fr\/index.php?rest_route=\/wp\/v2\/pages\/1771\/revisions\/2130"}],"wp:featuredmedia":[{"embeddable":true,"href":"https:\/\/associationmirabel.fr\/index.php?rest_route=\/wp\/v2\/media\/1775"}],"wp:attachment":[{"href":"https:\/\/associationmirabel.fr\/index.php?rest_route=%2Fwp%2Fv2%2Fmedia&parent=1771"}],"curies":[{"name":"wp","href":"https:\/\/api.w.org\/{rel}","templated":true}]}}