{"id":400,"date":"2015-08-22T06:25:41","date_gmt":"2015-08-22T05:25:41","guid":{"rendered":"http:\/\/mirabel-valdedrome.fr\/?page_id=400"},"modified":"2025-03-24T19:31:16","modified_gmt":"2025-03-24T18:31:16","slug":"le-telephone-a-mirabel-et-blacons","status":"publish","type":"page","link":"https:\/\/associationmirabel.fr\/?page_id=400","title":{"rendered":"Le t\u00e9l\u00e9phone"},"content":{"rendered":"<h4><strong>De 1900 \u00e0 nos jours<\/strong><\/h4>\n<p><strong>18 f\u00e9vrier 1900<\/strong> : sur proposition de raccordement de la commune au r\u00e9seau t\u00e9l\u00e9phonique par le Pr\u00e9fet, le Conseil \u00ab\u00a0ajourne \u00e0 plus tard la solution \u00e0 cette question\u00a0\u00bb<\/p>\n<p><strong> 3 juin 1900 <\/strong>: revirement apr\u00e8s nomination d&rsquo;un nouveau maire (Roche Alphonse), \u00ab\u00a0le conseil est d&rsquo;avis que si les frais ne devaient pas \u00eatre hors de proportion avec l&rsquo;utilit\u00e9 que la commune pourrait en retirer, il y aurait lieu de demander son rattachement au r\u00e9seau d\u00e9partemental et la cr\u00e9ation d&rsquo;un r\u00e9seau d&rsquo;abonn\u00e9s\u00a0\u00bb<\/p>\n<p><strong>13 d\u00e9cembre 1908<\/strong> : la Direction d\u00e9partementale des PTT propose que Mirabel et Blacons soit rattach\u00e9 au r\u00e9seau t\u00e9l\u00e9phonique. La commune accepte.<\/p>\n<p><strong>1910 <\/strong>: le central t\u00e9l\u00e9phonique d&rsquo;abord pr\u00e9vu \u00e0 Blacons doit \u00eatre coupl\u00e9 avec le bureau du facteur-receveur des Berthalais (projet\u00e9 par l&rsquo;Arr\u00eat\u00e9 du 12 avril 1910). La commune refuse.<\/p>\n<p><strong>1913<\/strong>: Rattachement au r\u00e9seau t\u00e9l\u00e9phonique.<\/p>\n<p><strong>17 novembre 1940 <\/strong> : M. Mounier, g\u00e9rant de la cabine t\u00e9l\u00e9phonique des Berthalais, r\u00e9clame une augmentation de son salaire. \u00c0 noter que les g\u00e9rants de cabine faisaient \u00e9galement la distribution des t\u00e9l\u00e9grammes. Le g\u00e9rant pour Blacons est M. Gontard.<\/p>\n<p><strong>6 janvier 1943 <\/strong>: la g\u00e9rance des Berthalais passe \u00e0 Mme Bravais.<\/p>\n<p><strong>1956 <\/strong>: cr\u00e9ation d&rsquo;un poste public de t\u00e9l\u00e9phone pour Charsac chez M. Samuel Praneuf.<\/p>\n<p><strong>16 mars 1961<\/strong> : transfert du poste public de t\u00e9l\u00e9phone des Berthalais chez M. Roger Lombard.<\/p>\n<p>D\u00e9but des <strong>ann\u00e9es 1970<\/strong>, un nouveau central t\u00e9l\u00e9phonique est construit \u00e0 Crest. Le r\u00e9seau est automatis\u00e9. Tout le monde peut d\u00e9sormais avoir le t\u00e9l\u00e9phone fixe, ce qui demandait parfois des ann\u00e9es auparavant&#8230; en attendant les portables !<\/p>\n","protected":false},"excerpt":{"rendered":"<p>De 1900 \u00e0 nos jours 18 f\u00e9vrier 1900 : sur proposition de raccordement de la commune au r\u00e9seau t\u00e9l\u00e9phonique par le Pr\u00e9fet, le Conseil \u00ab\u00a0ajourne \u00e0 plus tard la solution \u00e0 cette question\u00a0\u00bb 3 juin 1900 : revirement apr\u00e8s nomination d&rsquo;un nouveau maire (Roche Alphonse), \u00ab\u00a0le conseil est d&rsquo;avis que si les frais ne devaient [&hellip;]<\/p>\n","protected":false},"author":1,"featured_media":0,"parent":195,"menu_order":0,"comment_status":"closed","ping_status":"closed","template":"","meta":{"footnotes":""},"class_list":["post-400","page","type-page","status-publish","hentry"],"_links":{"self":[{"href":"https:\/\/associationmirabel.fr\/index.php?rest_route=\/wp\/v2\/pages\/400","targetHints":{"allow":["GET"]}}],"collection":[{"href":"https:\/\/associationmirabel.fr\/index.php?rest_route=\/wp\/v2\/pages"}],"about":[{"href":"https:\/\/associationmirabel.fr\/index.php?rest_route=\/wp\/v2\/types\/page"}],"author":[{"embeddable":true,"href":"https:\/\/associationmirabel.fr\/index.php?rest_route=\/wp\/v2\/users\/1"}],"replies":[{"embeddable":true,"href":"https:\/\/associationmirabel.fr\/index.php?rest_route=%2Fwp%2Fv2%2Fcomments&post=400"}],"version-history":[{"count":2,"href":"https:\/\/associationmirabel.fr\/index.php?rest_route=\/wp\/v2\/pages\/400\/revisions"}],"predecessor-version":[{"id":2112,"href":"https:\/\/associationmirabel.fr\/index.php?rest_route=\/wp\/v2\/pages\/400\/revisions\/2112"}],"up":[{"embeddable":true,"href":"https:\/\/associationmirabel.fr\/index.php?rest_route=\/wp\/v2\/pages\/195"}],"wp:attachment":[{"href":"https:\/\/associationmirabel.fr\/index.php?rest_route=%2Fwp%2Fv2%2Fmedia&parent=400"}],"curies":[{"name":"wp","href":"https:\/\/api.w.org\/{rel}","templated":true}]}}